composite number?
False
Is 7883 a prime number?
True
Is 1557093 composite?
True
Is 16621 composite?
True
Is 2521 a composite number?
False
Is 115585 a composite number?
True
Is 93187 a composite number?
False
Is 10763 a prime number?
False
Is 12049 a prime number?
True
Is 7411 prime?
True
Is 1651 a composite number?
True
Is 1973 a prime number?
True
Is 1513 a composite number?
True
Is 25882 a composite number?
True
Is 239831 a composite number?
False
Is 439217 composite?
False
Is 53511 a composite number?
True
Is 701 composite?
False
Is 3326 prime?
False
Is 968723 a prime number?
False
Is 57991 composite?
False
Is 333759 prime?
False
Is 14369 composite?
False
Is 456679 a prime number?
True
Is 317767 composite?
True
Is 1898755 prime?
False
Is 620903 a composite number?
True
Is 945986 a prime number?
False
Is 209887 composite?
False
Is 209713 a prime number?
False
Is 1481 prime?
True
Is 8033 a prime number?
False
Is 167593 a composite number?
False
Is 144769 composite?
True
Is 126407 a composite number?
True
Is 617591 prime?
False
Is 1361 composite?
False
Is 221021 a prime number?
True
Is 71069 composite?
False
Is 40637 a composite number?
False
Is 28783 a prime number?
False
Is 4561 a composite number?
False
Is 1360507 composite?
False
Is 25871 a composite number?
True
Is 3622 a composite number?
True
Is 93787 prime?
True
Is 803211 a composite number?
True
Is 2741 composite?
False
Is 25937 a prime number?
False
Is 295079 composite?
False
Is 19919 a prime number?
True
Is 35521 composite?
False
Is 3063539 a prime number?
True
Is 24143 a composite number?
True
Is 3837949 prime?
True
Is 81409 composite?
False
Is 433931 a prime number?
True
Is 1259 prime?
True
Is 3261 a composite number?
True
Is 13193 prime?
False
Is 154547 a prime number?
False
Is 1585 a prime number?
False
Is 189311 a prime number?
True
Is 9865 a composite number?
True
Is 162851 a prime number?
False
Is 1068989 a prime number?
True
Is 19661 a prime number?
True
Is 82067 a composite number?
False
Is 432547 a prime number?
False
Is 54199 a prime number?
False
Is 4783 a prime number?
True
Is 190811 a composite number?
False
Is 241207 composite?
False
Is 1006769 prime?
True
Is 10687 prime?
True
Is 7309 a prime number?
True
Is 450677 prime?
True
Is 5969 a composite number?
True
Is 279626 composite?
True
Is 631 a composite number?
False
Is 198515 prime?
False
Is 290729 a composite number?
True
Is 5923 prime?
True
Is 31399 a prime number?
False
Is 255413 composite?
False
Is 3401 a prime number?
False
Is 13021 composite?
True
Is 133483 prime?
False
Is 573205 a prime number?
False
Is 29005 composite?
True
Is 293957 a prime number?
True
Is 19553 prime?
True
Is 277613 prime?
False
Is 104141 a composite number?
True
Is 19939 a prime number?
False
Is 2670367 prime?
False
Is 319234 prime?
False
Is 10511 prime?
False
Is 1657 a prime number?
True
Is 32051 prime?
True
Is 296662 prime?
False
Is 14953 a composite number?
True
Is 102173 a composite number?
True
Is 10487 a prime number?
True
Is 4957663 a prime number?
True
Is 4963 a prime number?
False
Is 923573 composite?
True
Is 188753 a prime number?
True
Is 530213 a composite number?
True
Is 419477 a composite number?
False
Is 28387 prime?
True
Is 4829 prime?
False
Is 41429 prime?
False
Is 4983905 composite?
True
Is 8999 a prime number?
True
Is 50279 prime?
False
Is 12661 prime?
False
Is 67157 a composite number?
False
Is 1610183 composite?
False
Is 80021 composite?
False
Is 10565 a prime number?
False
Is 11653 composite?
True
Is 25577 a prime number?
True
Is 726797 a composite number?
False
Is 10645 a composite number?
True
Is 1173281 prime?
True
Is 188603 a composite number?
False
Is 901 composite?
True
Is 231409 a prime number?
True
Is 26089 composite?
True
Is 168247 composite?
False
Is 30661 a prime number?
True
Is 128515 composite?
True
Is 47211 prime?
False
Is 15989 a composite number?
True
Is 1804267 a composite number?
False
Is 1691435 composite?
True
Is 140969 a composite number?
True
Is 1499 prime?
True
Is 27769 prime?
False
Is 16217 a composite number?
False
Is 37307 a prime number?
True
Is 60715 a composite number?
True
Is 3863 a prime number?
True
Is 1181 composite?
False
Is 906487 a composite number?
False
Is 175501 a composite number?
True
Is 133689 a composite number?
True
Is 16943 a composite number?
False
Is 9469 prime?
False
Is 50321 a composite number?
False
Is 177409 prime?
True
Is 151303 a composite number?
False
Is 1522 prime?
False
Is 76913 prime?
True
Is 43871 composite?
True
Is 4561 composite?
False
Is 944123 composite?
False
Is 173137 a prime number?
True
Is 24659 a prime number?
True
Is 262463 a prime number?
False
Is 261839 a composite number?
True
Is 143 composite?
True
Is 117721 prime?
True
Is 82883 a prime number?
True
Is 55477 composite?
True
Is 81899 composite?
False
Is 223 composite?
False
Is 5531 prime?
True
Is 155879 prime?
False
Is 958357 composite?
False
Is 9599 a composite number?
True
Is 89893 composite?
True
Is 46061 composite?
False
Is 16313 a prime number?
False
Is 16921 prime?
True
Is 31133 a prime number?
False
Is 459573 a composite number?
True
Is 104231 composite?
False
Is 25835 a composite number?
True
Is 11579 a composite number?
False
Is 4829215 a prime number?
False
Is 98561 a prime number?
True
Is 132917 prime?
False
Is 660941 composite?
False
Is 31541 composite?
False
Is 115054 prime?
False
Is 31478 composite?
True
Is 307015 composite?
True
Is 709531 a composite number?
False
Is 54521 a composite number?
False
Is 9727 composite?
True
Is 182053 a prime number?
False
Is 12889 a prime number?
True
Is 388295 prime?
False
Is 10529 composite?
False
Is 314761 a prime number?
True
Is 7711 composite?
True
Is 1385 a composite number?
True
Is 5227 prime?
True
Is 16639 prime?
False
Is 43606 prime?
False
Is 95311 a composite number?
False
Is 439661 prime?
True
Is 5095 a prime number?
False
Is 679 a composite number?
True
Is 997 a composite number?
False
Is 31531 a composite number?
False
Is 201881 composite?
False
Is 45607 a prime number?
False
Is 14923 prime?
True
Is 13009 a composite number?
False
Is 131009 prime?
True
Is 111835 a prime number?
False
Is 37667 a composite number?
True
Is 12913 composite?
True
Is 111551 a prime number?
False
Is 41729 prime?
True
Is 480499 a prime number?
True
Is 875119 prime?
False
Is 514027 a composite number?
True
Is 514933 prime?
True
Is 288523 a composite number?
True
Is 337291 a composite number?
False
Is 204235 composite?
True
Is 99955 prime?
False
Is 5645 a composite number?
True
Is 32537 prime?
True
Is 100183 a prime number?
True
Is 1447759 composite?
False
Is 46993 composite?
False
Is 24281 composite?
False
Is 1789061 a composite number?
True
Is 16099 composite?
True
Is 909941 a composite number?
True
Is 6131 prime?
True
Is 52147 a composite number?
False
Is 296269 a composite number?
False
Is 2564187 composite?
True
Is 76165 a prime number?
False
Is 359311 a composite number?
False
Is 11851 composite?
True
Is 88645 prime?
False
Is 1073 composite?
True
Is 411293 a composite number?
True
Is 14437 prime?
True
Is 733 a composite number?
False
Is 36739 a composite number?
False
Is 677053 a composite number?
True
Is 23269 prime?
True
Is 19385 prime?
False
Is 157414 prime?
False
Is 15877 a composite number?
False
Is 321 a composite number?
True
Is 64211 a composite number?
True
Is 616639 composite?
False
Is 2411 a composite number?
False
Is 63113 composite?
False
Is 17609 a prime number?
True
Is 2801174 prime?
False
Is 9091 a composite number?
False
Is 35135 composite?
True
Is 67 a prime number?
True
Is 542105 composite?
True
Is 209041 a composite number?
True
Is 2047 a composite number?
True
Is 75827 composite?
True
Is 55763 prime?
True
Is 1771303 prime?
False
Is 58403 a composite number?
False
Is 449327 composite?
True
Is 52433 composite?
False
Is 2669 composite?
True
Is 14621 a composite number?
False
Is 760819 composite?
True
Is 606145 a composite number?
True
Is 248657 a prime number?
True
Is 4469 prime?
False
Is 32061 composite?
True
Is 53441 prime?
True
Is 1407223 composite?
False
Is 1401317 a prime number?
True
Is 239 prime?
True
Is 70973 a prime number?
False
Is 5067307 composite?
True
Is 11411 a prime number?
True
Is 22501 composite?
False
Is 200341 a prim